{"id":137,"date":"2024-01-31T15:36:05","date_gmt":"2024-01-31T15:36:05","guid":{"rendered":"https:\/\/bezpieczenstwo-nm.us.edu.pl\/?page_id=137"},"modified":"2024-01-31T16:31:40","modified_gmt":"2024-01-31T16:31:40","slug":"rok-akademicki-2018-2019-2","status":"publish","type":"page","link":"https:\/\/bezpieczenstwo-nm.us.edu.pl\/?page_id=137","title":{"rendered":"Rok akademicki 2018\/2019"},"content":{"rendered":"\n<p><strong>W roku akademickim 2018\/2019:<\/strong><\/p>\n\n\n\n<ul class=\"wp-block-list\">\n<li><strong>13 marca 2019 roku studenci kierunku Bezpiecze\u0144stwo Narodowe i Mi\u0119dzynarodowe uczestniczyli w szkoleniu antyterrorystycznym<\/strong>, przeprowadzonym przez funkcjonariusza Centralnego Biura \u015aledczego Policji wraz z przedstawicielem Agencji Doradztwa QLMS<\/li>\n<\/ul>\n\n\n\n<ul class=\"wp-block-list\">\n<li><strong>14 marca 2019 roku na Wydziale Nauk Spo\u0142ecznych Uniwersytetu \u015al\u0105skiego w Katowicach go\u015bci\u0142 Vincent V. Severski<\/strong> \u2013 obecnie pisarz, wcze\u015bniej oficer s\u0142u\u017cb wywiadowczych, i wyg\u0142osi\u0142 wyk\u0142ad \u201eWsp\u00f3\u0142czesny wywiad \u2013 fakty i mity\u201d \u00a0<\/li>\n<\/ul>\n\n\n\n<ul class=\"wp-block-list\">\n<li><strong>10 kwietnia 2019 roku odby\u0142a si\u0119 wizyta student\u00f3w w Areszcie \u015aledczym w Mys\u0142owicach<\/strong><\/li>\n<\/ul>\n\n\n\n<ul class=\"wp-block-list\">\n<li><strong>10 kwietnia 2019 roku wyk\u0142ad \u201eOblicza wsparcia militarnego na przyk\u0142adzie wojny w Afganistanie i Wojsk Obrony Terytorialnej\u201d dla student\u00f3w BNiM wyg\u0142osi\u0142 p\u0142k Tomasz Bia\u0142as<\/strong>, dow\u00f3dca 13. \u015al\u0105skiej Brygady Obrony Terytorialnej<\/li>\n<\/ul>\n\n\n\n<ul class=\"wp-block-list\">\n<li><strong>26 kwietnia 2019 roku studenci wizytowali 5 Pu\u0142k Chemiczny <\/strong>im. gen. broni Leona Berbeckiego w Tarnowskich G\u00f3rach<\/li>\n<\/ul>\n\n\n\n<ul class=\"wp-block-list\">\n<li><strong>16 maja 2019 roku przedstawiciele student\u00f3w BNiM uczestniczyli w seminarium dla student\u00f3w i uczni\u00f3w, odbywaj\u0105cym si\u0119 w ramach VI O\u015bwi\u0119cimskiego Forum<\/strong>: Europa wobec wyzwa\u0144 XXI wieku. Europa razem czy osobno?, zorganizowanego przez O\u015bwi\u0119cimski Instytut Praw Cz\u0142owieka<\/li>\n<\/ul>\n\n\n\n<ul class=\"wp-block-list\">\n<li>28 maja 2019 roku odby\u0142a si\u0119 kolejna wizyta student\u00f3w BNiM w Wojew\u00f3dzkim Sztabie Wojskowym w Katowicach<\/li>\n<\/ul>\n\n\n\n<p>Relacje i galerie zdj\u0119\u0107 dost\u0119pne s\u0105 na <strong><a href=\"https:\/\/www.facebook.com\/BezpieczenstwoNM\" data-type=\"link\" data-id=\"https:\/\/www.facebook.com\/BezpieczenstwoNM\" target=\"_blank\" rel=\"noreferrer noopener\">Facebooku<\/a><\/strong><\/p>\n\n\n\n<div class=\"wp-block-buttons is-content-justification-center is-layout-flex wp-container-core-buttons-is-layout-a89b3969 wp-block-buttons-is-layout-flex\">\n<div class=\"wp-block-button is-style-outline is-style-outline--1\"><a class=\"wp-block-button__link wp-element-button\" href=\"https:\/\/bezpieczenstwo-nm.us.edu.pl\/?page_id=54\">Powr\u00f3t<\/a><\/div>\n<\/div>\n\n\n\n<div style=\"height:100px\" aria-hidden=\"true\" class=\"wp-block-spacer\"><\/div>\n","protected":false},"excerpt":{"rendered":"<p>W roku akademickim 2018\/2019: Relacje i galerie zdj\u0119\u0107 dost\u0119pne s\u0105 na Facebooku<\/p>\n","protected":false},"author":1,"featured_media":0,"parent":0,"menu_order":0,"comment_status":"closed","ping_status":"closed","template":"","meta":{"footnotes":""},"class_list":["post-137","page","type-page","status-publish","hentry"],"_links":{"self":[{"href":"https:\/\/bezpieczenstwo-nm.us.edu.pl\/index.php?rest_route=\/wp\/v2\/pages\/137","targetHints":{"allow":["GET"]}}],"collection":[{"href":"https:\/\/bezpieczenstwo-nm.us.edu.pl\/index.php?rest_route=\/wp\/v2\/pages"}],"about":[{"href":"https:\/\/bezpieczenstwo-nm.us.edu.pl\/index.php?rest_route=\/wp\/v2\/types\/page"}],"author":[{"embeddable":true,"href":"https:\/\/bezpieczenstwo-nm.us.edu.pl\/index.php?rest_route=\/wp\/v2\/users\/1"}],"replies":[{"embeddable":true,"href":"https:\/\/bezpieczenstwo-nm.us.edu.pl\/index.php?rest_route=%2Fwp%2Fv2%2Fcomments&post=137"}],"version-history":[{"count":2,"href":"https:\/\/bezpieczenstwo-nm.us.edu.pl\/index.php?rest_route=\/wp\/v2\/pages\/137\/revisions"}],"predecessor-version":[{"id":154,"href":"https:\/\/bezpieczenstwo-nm.us.edu.pl\/index.php?rest_route=\/wp\/v2\/pages\/137\/revisions\/154"}],"wp:attachment":[{"href":"https:\/\/bezpieczenstwo-nm.us.edu.pl\/index.php?rest_route=%2Fwp%2Fv2%2Fmedia&parent=137"}],"curies":[{"name":"wp","href":"https:\/\/api.w.org\/{rel}","templated":true}]}}