{"id":44,"date":"2024-01-31T10:20:02","date_gmt":"2024-01-31T10:20:02","guid":{"rendered":"https:\/\/bezpieczenstwo-nm.us.edu.pl\/?page_id=44"},"modified":"2024-01-31T10:41:11","modified_gmt":"2024-01-31T10:41:11","slug":"o-nas","status":"publish","type":"page","link":"https:\/\/bezpieczenstwo-nm.us.edu.pl\/?page_id=44","title":{"rendered":"O nas"},"content":{"rendered":"\n<p>Kierunek prowadzony jest na studiach&nbsp;<strong>I stopnia i II stopnia<\/strong>&nbsp;w trybie&nbsp;<strong>stacjonarnym<\/strong>&nbsp;oraz&nbsp;<strong>niestacjonarnym<\/strong>.<\/p>\n\n\n\n<p>G\u0142\u00f3wnym celem kierunku jest przygotowanie studenta do pracy w organizacjach, instytucjach i s\u0142u\u017cbach zajmuj\u0105cych si\u0119 szeroko poj\u0119tym bezpiecze\u0144stwem, obejmuj\u0105cym aspekty tak wewn\u0119trzne, narodowe jak i mi\u0119dzynarodowe. Jednocze\u015bnie zapewnia absolwentom podstawow\u0105 wiedz\u0119 i umiej\u0119tno\u015bci z zakresu nauk politycznych i stosunk\u00f3w mi\u0119dzynarodowych, co ma istotne znaczenie w kontek\u015bcie dynamiki wsp\u00f3\u0142czesnych zagro\u017ce\u0144 dla bezpiecze\u0144stwa narodowego i mi\u0119dzynarodowego.<\/p>\n\n\n\n<p><strong>Bezpiecze\u0144stwo narodowe i mi\u0119dzynarodowe<\/strong>&nbsp;to dynamicznie zmieniaj\u0105ce si\u0119 dyscypliny, kt\u00f3rych celem jest&nbsp;<strong>rozpoznawanie zagro\u017ce\u0144 oraz ich eliminowanie lub ograniczanie.<\/strong>&nbsp;Takie dzia\u0142ania maj\u0105 wp\u0142yw na los poszczeg\u00f3lnych ludzi, ca\u0142ych zbiorowisk czy pa\u0144stw. Do ich zrozumienia konieczna jest teoria oraz praktyka, kt\u00f3re mo\u017cna zdoby\u0107 na tym kierunku. Absolwent ma przed sob\u0105&nbsp;<strong>szerokie perspektywy zawodowe<\/strong>&nbsp;w organizacjach, instytucjach i s\u0142u\u017cbach zajmuj\u0105cych si\u0119 bezpiecze\u0144stwem. Jako student poznasz specyfik\u0119 polityki, historii politycznej i bezpiecze\u0144stwa Polski oraz r\u00f3\u017cnych pa\u0144stw. Dowiesz si\u0119 o dzia\u0142aniu s\u0142u\u017cb mundurowych, strategii, mocarstwach, wojnach, roli si\u0142 zbrojnych, s\u0142u\u017cb specjalnych, przest\u0119pczo\u015bci, wi\u0119ziennictwie, radykalnych ideologiach i sposobach ich zwalczania. Absolwent b\u0119dzie m\u00f3g\u0142 kontynuowa\u0107 nauk\u0119 na studiach II stopnia kierunku Bezpiecze\u0144stwo narodowe i mi\u0119dzynarodowe lub Politologia (specjalno\u015b\u0107: wsp\u00f3\u0142czesne stosunki mi\u0119dzynarodowe). Jako student kierunku Bezpiecze\u0144stwo Narodowe i Mi\u0119dzynarodowe II stopnia staniesz si\u0119 specjalist\u0105 z szerokimi perspektywami zawodowymi.&nbsp;<strong>Nauczysz si\u0119 my\u015ble\u0107 analitycznie, identyfikowa\u0107 zagro\u017cenia i w\u0142a\u015bciwie reagowa\u0107<\/strong>. Poznasz tajniki system\u00f3w politycznych r\u00f3\u017cnych kraj\u00f3w i region\u00f3w, w tym RP, podstawy kryminologii i kryminalistyki, prawo wykrocze\u0144, propagandy i manipulacji, czynno\u015bci operacyjno-rozpoznawcze, podstawy dzia\u0142a\u0144 ratowniczych i ochrony ludno\u015bci, techniki pozyskiwania informacji z otwartych \u017ar\u00f3de\u0142, protok\u00f3\u0142 dyplomatyczny i savoir-vivre, s\u0142u\u017cb\u0119 po\u017carn\u0105, rodzaje broni i uzbrojenia. Poznasz tak\u017ce podstawy orientalistyki oraz j\u0119zyk arabski i chi\u0144ski. Ich znajomo\u015b\u0107 ma obecnie fundamentalne znaczenie dla rozumienia proces\u00f3w i zjawisk wp\u0142ywaj\u0105cych na bezpiecze\u0144stwo narodowe i mi\u0119dzynarodowe. Panuje te\u017c bardzo du\u017ce zapotrzebowanie na specjalist\u00f3w z dziedziny bezpiecze\u0144stwa posiadaj\u0105cych t\u0119 wiedz\u0119.<\/p>\n\n\n\n<p><strong>B\u0119dziesz m\u00f3g\u0142 tak\u017ce podj\u0105\u0107 prac\u0119 w:<\/strong><\/p>\n\n\n\n<ul class=\"wp-block-list\">\n<li>organizacjach rz\u0105dowych i pozarz\u0105dowych, kt\u00f3rych dzia\u0142alno\u015b\u0107 obejmuje sfer\u0119 bezpiecze\u0144stwa narodowego i mi\u0119dzynarodowego,<\/li>\n\n\n\n<li>s\u0142u\u017cbach mundurowych,<\/li>\n\n\n\n<li>administracji publicznej,<\/li>\n\n\n\n<li>partiach politycznych,<\/li>\n\n\n\n<li>przedsi\u0119biorstwach dzia\u0142aj\u0105cych na rynkach mi\u0119dzynarodowych,<\/li>\n\n\n\n<li>\u015brodkach masowego przekazu,<\/li>\n\n\n\n<li>\u015brodkach badawczych zajmuj\u0105cych si\u0119 bezpiecze\u0144stwem,<\/li>\n\n\n\n<li>zespo\u0142ach reagowania kryzysowego.<\/li>\n<\/ul>\n\n\n\n<p><\/p>\n\n\n\n<div style=\"height:100px\" aria-hidden=\"true\" class=\"wp-block-spacer\"><\/div>\n","protected":false},"excerpt":{"rendered":"<p>Kierunek prowadzony jest na studiach&nbsp;I stopnia i II stopnia&nbsp;w trybie&nbsp;stacjonarnym&nbsp;oraz&nbsp;niestacjonarnym. G\u0142\u00f3wnym celem kierunku jest przygotowanie studenta do pracy w organizacjach, instytucjach i s\u0142u\u017cbach zajmuj\u0105cych si\u0119 szeroko poj\u0119tym bezpiecze\u0144stwem, obejmuj\u0105cym aspekty tak wewn\u0119trzne, narodowe jak i mi\u0119dzynarodowe. Jednocze\u015bnie zapewnia absolwentom podstawow\u0105 wiedz\u0119 i umiej\u0119tno\u015bci z zakresu nauk politycznych i stosunk\u00f3w mi\u0119dzynarodowych, co ma istotne znaczenie w &hellip; <\/p>\n<p class=\"link-more\"><a href=\"https:\/\/bezpieczenstwo-nm.us.edu.pl\/?page_id=44\" class=\"more-link\">Read more<span class=\"screen-reader-text\"> &#8222;O nas&#8221;<\/span><\/a><\/p>\n","protected":false},"author":1,"featured_media":0,"parent":0,"menu_order":0,"comment_status":"closed","ping_status":"closed","template":"","meta":{"footnotes":""},"class_list":["post-44","page","type-page","status-publish","hentry"],"_links":{"self":[{"href":"https:\/\/bezpieczenstwo-nm.us.edu.pl\/index.php?rest_route=\/wp\/v2\/pages\/44","targetHints":{"allow":["GET"]}}],"collection":[{"href":"https:\/\/bezpieczenstwo-nm.us.edu.pl\/index.php?rest_route=\/wp\/v2\/pages"}],"about":[{"href":"https:\/\/bezpieczenstwo-nm.us.edu.pl\/index.php?rest_route=\/wp\/v2\/types\/page"}],"author":[{"embeddable":true,"href":"https:\/\/bezpieczenstwo-nm.us.edu.pl\/index.php?rest_route=\/wp\/v2\/users\/1"}],"replies":[{"embeddable":true,"href":"https:\/\/bezpieczenstwo-nm.us.edu.pl\/index.php?rest_route=%2Fwp%2Fv2%2Fcomments&post=44"}],"version-history":[{"count":4,"href":"https:\/\/bezpieczenstwo-nm.us.edu.pl\/index.php?rest_route=\/wp\/v2\/pages\/44\/revisions"}],"predecessor-version":[{"id":81,"href":"https:\/\/bezpieczenstwo-nm.us.edu.pl\/index.php?rest_route=\/wp\/v2\/pages\/44\/revisions\/81"}],"wp:attachment":[{"href":"https:\/\/bezpieczenstwo-nm.us.edu.pl\/index.php?rest_route=%2Fwp%2Fv2%2Fmedia&parent=44"}],"curies":[{"name":"wp","href":"https:\/\/api.w.org\/{rel}","templated":true}]}}