{"id":50,"date":"2024-01-31T10:21:23","date_gmt":"2024-01-31T10:21:23","guid":{"rendered":"https:\/\/bezpieczenstwo-nm.us.edu.pl\/?page_id=50"},"modified":"2024-01-31T10:34:00","modified_gmt":"2024-01-31T10:34:00","slug":"wspolpraca","status":"publish","type":"page","link":"https:\/\/bezpieczenstwo-nm.us.edu.pl\/?page_id=50","title":{"rendered":"Wsp\u00f3\u0142praca"},"content":{"rendered":"\n<p>Program studi\u00f3w Bezpiecze\u0144stwo Narodowe i Mi\u0119dzynarodowe jest wyrazem interdyscyplinarnego podej\u015bcia do problematyki bezpiecze\u0144stwa. Przy realizacji programu kszta\u0142cenia na kierunku BNiM Wydzia\u0142 Nauk Spo\u0142ecznych Uniwersytetu \u015al\u0105skiego wsp\u00f3\u0142pracuje m.in. z:<\/p>\n\n\n\n<ul class=\"wp-block-list\">\n<li>Komend\u0105 Wojew\u00f3dzk\u0105 Policji w Katowicach;<\/li>\n\n\n\n<li>Wojew\u00f3dzkim Sztabem Wojskowym w Katowicach;<\/li>\n\n\n\n<li>Okr\u0119gowym Inspektoratem S\u0142u\u017cby Wi\u0119ziennej w Katowicach;<\/li>\n\n\n\n<li>Agencj\u0105 Bezpiecze\u0144stwa Wewn\u0119trznego;<\/li>\n\n\n\n<li>\u015al\u0105skim Oddzia\u0142em Stra\u017cy Granicznej.<\/li>\n<\/ul>\n\n\n\n<div style=\"height:100px\" aria-hidden=\"true\" class=\"wp-block-spacer\"><\/div>\n","protected":false},"excerpt":{"rendered":"<p>Program studi\u00f3w Bezpiecze\u0144stwo Narodowe i Mi\u0119dzynarodowe jest wyrazem interdyscyplinarnego podej\u015bcia do problematyki bezpiecze\u0144stwa. Przy realizacji programu kszta\u0142cenia na kierunku BNiM Wydzia\u0142 Nauk Spo\u0142ecznych Uniwersytetu \u015al\u0105skiego wsp\u00f3\u0142pracuje m.in. z:<\/p>\n","protected":false},"author":1,"featured_media":0,"parent":0,"menu_order":0,"comment_status":"closed","ping_status":"closed","template":"","meta":{"footnotes":""},"class_list":["post-50","page","type-page","status-publish","hentry"],"_links":{"self":[{"href":"https:\/\/bezpieczenstwo-nm.us.edu.pl\/index.php?rest_route=\/wp\/v2\/pages\/50","targetHints":{"allow":["GET"]}}],"collection":[{"href":"https:\/\/bezpieczenstwo-nm.us.edu.pl\/index.php?rest_route=\/wp\/v2\/pages"}],"about":[{"href":"https:\/\/bezpieczenstwo-nm.us.edu.pl\/index.php?rest_route=\/wp\/v2\/types\/page"}],"author":[{"embeddable":true,"href":"https:\/\/bezpieczenstwo-nm.us.edu.pl\/index.php?rest_route=\/wp\/v2\/users\/1"}],"replies":[{"embeddable":true,"href":"https:\/\/bezpieczenstwo-nm.us.edu.pl\/index.php?rest_route=%2Fwp%2Fv2%2Fcomments&post=50"}],"version-history":[{"count":3,"href":"https:\/\/bezpieczenstwo-nm.us.edu.pl\/index.php?rest_route=\/wp\/v2\/pages\/50\/revisions"}],"predecessor-version":[{"id":74,"href":"https:\/\/bezpieczenstwo-nm.us.edu.pl\/index.php?rest_route=\/wp\/v2\/pages\/50\/revisions\/74"}],"wp:attachment":[{"href":"https:\/\/bezpieczenstwo-nm.us.edu.pl\/index.php?rest_route=%2Fwp%2Fv2%2Fmedia&parent=50"}],"curies":[{"name":"wp","href":"https:\/\/api.w.org\/{rel}","templated":true}]}}